{"id":100,"date":"2022-04-08T19:12:41","date_gmt":"2022-04-08T17:12:41","guid":{"rendered":"https:\/\/projets.liure.fr\/pitchoune\/?post_type=product&#038;p=100"},"modified":"2022-07-18T09:19:12","modified_gmt":"2022-07-18T07:19:12","slug":"gigoteuse-shabby-bebe","status":"publish","type":"product","link":"https:\/\/projets.liure.fr\/pitchoune\/produit\/gigoteuse-shabby-bebe\/","title":{"rendered":"Gigoteuse b\u00e9b\u00e9 Shabby"},"content":{"rendered":"<?xml encoding=\"utf-8\" ?><div class=\"container\">\n<div class=\"row\">\n<div class=\"col-md-12\">Taille 0\/6 mois\n<p>Composition :<\/p>\n<ul>\n<li>tissu ext&eacute;rieur : double gaze de coton rouille et coton imprim&eacute; fleuri<\/li>\n<li>tissu int&eacute;rieur : jersey velours (80 % coton, 20 % polyester)<\/li>\n<li>molleton int&eacute;rieur : ouate 100 g\/m&sup2;<\/li>\n<li>\n<\/ul>\n<p>Conseils d&rsquo;entretiens :<\/p>\n<ul>\n<li>Laver &agrave; 30&deg;<\/li>\n<li>S&eacute;chage &agrave; plat, s&egrave;che linge interdit<\/li>\n<li>Repassage d&eacute;conseill&eacute; pour garder le moelleux de la couverture et ne pas aplatir la garniture int&eacute;rieure.<\/li>\n<\/ul>\n<\/div>\n<\/div>\n<\/div>\n","protected":false},"excerpt":{"rendered":"<p>Une jolie gigoteuse shabby avec son jolie tissu imprim\u00e9 et cette jolie gaze de coton rouille qui lui conf\u00e8re une douceur exceptionnelle pour accompagner le sommeil de votre enfant en toute s\u00e9curit\u00e9.<\/p>\n<p>Elle est rehauss\u00e9e par un joli passepoil dor\u00e9 et un col claudine, qui lui apporte d\u00e9licatesse et rafinement.<\/p>\n<p>Elle est ferm\u00e9e par une fermeture \u00e0 glissi\u00e8re et par deux pressions aux \u00e9paules pour permettre l&rsquo;ouverture compl\u00e8te de la gigoteuse pour poser d\u00e9licatement votre b\u00e9b\u00e9 sans le r\u00e9veiller.<\/p>\n<p>Gr\u00e2ce \u00e0 la gigoteuse Shabby Pitchoun &amp; Coton, votre b\u00e9b\u00e9 sera en s\u00e9curit\u00e9 pour passer une bonne nuit au chaud.<\/p>\n<p>Vous pourrez la personnaliser avec une broderie au pr\u00e9nom de votre b\u00e9b\u00e9 ce qui en fera un cadeau unique.<\/p>\n","protected":false},"featured_media":69,"template":"","meta":{"_acf_changed":false},"product_brand":[],"product_cat":[17],"product_tag":[],"class_list":{"0":"post-100","1":"product","2":"type-product","3":"status-publish","4":"has-post-thumbnail","6":"product_cat-gigoteuses","8":"first","9":"instock","10":"shipping-taxable","11":"purchasable","12":"product-type-simple"},"acf":[],"yoast_head":"<!-- This site is optimized with the Yoast SEO plugin v25.8 - https:\/\/yoast.com\/wordpress\/plugins\/seo\/ -->\n<title>Gigoteuse b\u00e9b\u00e9 Shabby par Pitchoun &amp; Coton<\/title>\n<meta name=\"description\" content=\"Une jolie gigoteuse Shabby pour votre b\u00e9b\u00e9 - Taille 0\/6 mois - En gaze de coton rouille et un joli col claudine - Fabrication fran\u00e7aise\" \/>\n<meta name=\"robots\" content=\"noindex, follow, max-snippet:-1, max-image-preview:large, max-video-preview:-1\" \/>\n<meta property=\"og:locale\" content=\"fr_FR\" \/>\n<meta property=\"og:type\" content=\"article\" \/>\n<meta property=\"og:title\" content=\"Gigoteuse b\u00e9b\u00e9 Shabby par Pitchoun &amp; Coton\" \/>\n<meta property=\"og:description\" content=\"Une jolie gigoteuse Shabby pour votre b\u00e9b\u00e9 - Taille 0\/6 mois - En gaze de coton rouille et un joli col claudine - Fabrication fran\u00e7aise\" \/>\n<meta property=\"og:url\" content=\"https:\/\/projets.liure.fr\/pitchoune\/produit\/gigoteuse-shabby-bebe\/\" \/>\n<meta property=\"og:site_name\" content=\"pitchounetcoton\" \/>\n<meta property=\"article:modified_time\" content=\"2022-07-18T07:19:12+00:00\" \/>\n<meta property=\"og:image\" content=\"https:\/\/projets.liure.fr\/pitchoune\/wp-content\/uploads\/sites\/8\/2022\/04\/20220126_074316.jpg\" \/>\n\t<meta property=\"og:image:width\" content=\"908\" \/>\n\t<meta property=\"og:image:height\" content=\"1210\" \/>\n\t<meta property=\"og:image:type\" content=\"image\/jpeg\" \/>\n<meta name=\"twitter:card\" content=\"summary_large_image\" \/>\n<meta name=\"twitter:label1\" content=\"Dur\u00e9e de lecture estim\u00e9e\" \/>\n\t<meta name=\"twitter:data1\" content=\"1 minute\" \/>\n<script type=\"application\/ld+json\" class=\"yoast-schema-graph\">{\"@context\":\"https:\/\/schema.org\",\"@graph\":[{\"@type\":\"WebPage\",\"@id\":\"https:\/\/projets.liure.fr\/pitchoune\/produit\/gigoteuse-shabby-bebe\/\",\"url\":\"https:\/\/projets.liure.fr\/pitchoune\/produit\/gigoteuse-shabby-bebe\/\",\"name\":\"Gigoteuse b\u00e9b\u00e9 Shabby par Pitchoun & Coton\",\"isPartOf\":{\"@id\":\"https:\/\/projets.liure.fr\/pitchoune\/#website\"},\"primaryImageOfPage\":{\"@id\":\"https:\/\/projets.liure.fr\/pitchoune\/produit\/gigoteuse-shabby-bebe\/#primaryimage\"},\"image\":{\"@id\":\"https:\/\/projets.liure.fr\/pitchoune\/produit\/gigoteuse-shabby-bebe\/#primaryimage\"},\"thumbnailUrl\":\"https:\/\/projets.liure.fr\/pitchoune\/wp-content\/uploads\/sites\/8\/2022\/04\/20220126_074316.jpg\",\"datePublished\":\"2022-04-08T17:12:41+00:00\",\"dateModified\":\"2022-07-18T07:19:12+00:00\",\"description\":\"Une jolie gigoteuse Shabby pour votre b\u00e9b\u00e9 - Taille 0\/6 mois - En gaze de coton rouille et un joli col claudine - Fabrication fran\u00e7aise\",\"breadcrumb\":{\"@id\":\"https:\/\/projets.liure.fr\/pitchoune\/produit\/gigoteuse-shabby-bebe\/#breadcrumb\"},\"inLanguage\":\"fr-FR\",\"potentialAction\":[{\"@type\":\"ReadAction\",\"target\":[\"https:\/\/projets.liure.fr\/pitchoune\/produit\/gigoteuse-shabby-bebe\/\"]}]},{\"@type\":\"ImageObject\",\"inLanguage\":\"fr-FR\",\"@id\":\"https:\/\/projets.liure.fr\/pitchoune\/produit\/gigoteuse-shabby-bebe\/#primaryimage\",\"url\":\"https:\/\/projets.liure.fr\/pitchoune\/wp-content\/uploads\/sites\/8\/2022\/04\/20220126_074316.jpg\",\"contentUrl\":\"https:\/\/projets.liure.fr\/pitchoune\/wp-content\/uploads\/sites\/8\/2022\/04\/20220126_074316.jpg\",\"width\":908,\"height\":1210,\"caption\":\"gigoteuse pitchounetcoton b\u00e9b\u00e9 sommeil fait main france\"},{\"@type\":\"WebSite\",\"@id\":\"https:\/\/projets.liure.fr\/pitchoune\/#website\",\"url\":\"https:\/\/projets.liure.fr\/pitchoune\/\",\"name\":\"pitchounetcoton\",\"description\":\"Un site utilisant Les sites de R\u00e9seau site puy de d\u00f4me 2\",\"potentialAction\":[{\"@type\":\"SearchAction\",\"target\":{\"@type\":\"EntryPoint\",\"urlTemplate\":\"https:\/\/projets.liure.fr\/pitchoune\/?s={search_term_string}\"},\"query-input\":{\"@type\":\"PropertyValueSpecification\",\"valueRequired\":true,\"valueName\":\"search_term_string\"}}],\"inLanguage\":\"fr-FR\"}]}<\/script>\n<!-- \/ Yoast SEO plugin. -->","yoast_head_json":{"title":"Gigoteuse b\u00e9b\u00e9 Shabby par Pitchoun & Coton","description":"Une jolie gigoteuse Shabby pour votre b\u00e9b\u00e9 - Taille 0\/6 mois - En gaze de coton rouille et un joli col claudine - Fabrication fran\u00e7aise","robots":{"index":"noindex","follow":"follow","max-snippet":"max-snippet:-1","max-image-preview":"max-image-preview:large","max-video-preview":"max-video-preview:-1"},"og_locale":"fr_FR","og_type":"article","og_title":"Gigoteuse b\u00e9b\u00e9 Shabby par Pitchoun & Coton","og_description":"Une jolie gigoteuse Shabby pour votre b\u00e9b\u00e9 - Taille 0\/6 mois - En gaze de coton rouille et un joli col claudine - Fabrication fran\u00e7aise","og_url":"https:\/\/projets.liure.fr\/pitchoune\/produit\/gigoteuse-shabby-bebe\/","og_site_name":"pitchounetcoton","article_modified_time":"2022-07-18T07:19:12+00:00","og_image":[{"width":908,"height":1210,"url":"https:\/\/projets.liure.fr\/pitchoune\/wp-content\/uploads\/sites\/8\/2022\/04\/20220126_074316.jpg","type":"image\/jpeg"}],"twitter_card":"summary_large_image","twitter_misc":{"Dur\u00e9e de lecture estim\u00e9e":"1 minute"},"schema":{"@context":"https:\/\/schema.org","@graph":[{"@type":"WebPage","@id":"https:\/\/projets.liure.fr\/pitchoune\/produit\/gigoteuse-shabby-bebe\/","url":"https:\/\/projets.liure.fr\/pitchoune\/produit\/gigoteuse-shabby-bebe\/","name":"Gigoteuse b\u00e9b\u00e9 Shabby par Pitchoun & Coton","isPartOf":{"@id":"https:\/\/projets.liure.fr\/pitchoune\/#website"},"primaryImageOfPage":{"@id":"https:\/\/projets.liure.fr\/pitchoune\/produit\/gigoteuse-shabby-bebe\/#primaryimage"},"image":{"@id":"https:\/\/projets.liure.fr\/pitchoune\/produit\/gigoteuse-shabby-bebe\/#primaryimage"},"thumbnailUrl":"https:\/\/projets.liure.fr\/pitchoune\/wp-content\/uploads\/sites\/8\/2022\/04\/20220126_074316.jpg","datePublished":"2022-04-08T17:12:41+00:00","dateModified":"2022-07-18T07:19:12+00:00","description":"Une jolie gigoteuse Shabby pour votre b\u00e9b\u00e9 - Taille 0\/6 mois - En gaze de coton rouille et un joli col claudine - Fabrication fran\u00e7aise","breadcrumb":{"@id":"https:\/\/projets.liure.fr\/pitchoune\/produit\/gigoteuse-shabby-bebe\/#breadcrumb"},"inLanguage":"fr-FR","potentialAction":[{"@type":"ReadAction","target":["https:\/\/projets.liure.fr\/pitchoune\/produit\/gigoteuse-shabby-bebe\/"]}]},{"@type":"ImageObject","inLanguage":"fr-FR","@id":"https:\/\/projets.liure.fr\/pitchoune\/produit\/gigoteuse-shabby-bebe\/#primaryimage","url":"https:\/\/projets.liure.fr\/pitchoune\/wp-content\/uploads\/sites\/8\/2022\/04\/20220126_074316.jpg","contentUrl":"https:\/\/projets.liure.fr\/pitchoune\/wp-content\/uploads\/sites\/8\/2022\/04\/20220126_074316.jpg","width":908,"height":1210,"caption":"gigoteuse pitchounetcoton b\u00e9b\u00e9 sommeil fait main france"},{"@type":"WebSite","@id":"https:\/\/projets.liure.fr\/pitchoune\/#website","url":"https:\/\/projets.liure.fr\/pitchoune\/","name":"pitchounetcoton","description":"Un site utilisant Les sites de R\u00e9seau site puy de d\u00f4me 2","potentialAction":[{"@type":"SearchAction","target":{"@type":"EntryPoint","urlTemplate":"https:\/\/projets.liure.fr\/pitchoune\/?s={search_term_string}"},"query-input":{"@type":"PropertyValueSpecification","valueRequired":true,"valueName":"search_term_string"}}],"inLanguage":"fr-FR"}]}},"_links":{"self":[{"href":"https:\/\/projets.liure.fr\/pitchoune\/wp-json\/wp\/v2\/product\/100","targetHints":{"allow":["GET"]}}],"collection":[{"href":"https:\/\/projets.liure.fr\/pitchoune\/wp-json\/wp\/v2\/product"}],"about":[{"href":"https:\/\/projets.liure.fr\/pitchoune\/wp-json\/wp\/v2\/types\/product"}],"wp:featuredmedia":[{"embeddable":true,"href":"https:\/\/projets.liure.fr\/pitchoune\/wp-json\/wp\/v2\/media\/69"}],"wp:attachment":[{"href":"https:\/\/projets.liure.fr\/pitchoune\/wp-json\/wp\/v2\/media?parent=100"}],"wp:term":[{"taxonomy":"product_brand","embeddable":true,"href":"https:\/\/projets.liure.fr\/pitchoune\/wp-json\/wp\/v2\/product_brand?post=100"},{"taxonomy":"product_cat","embeddable":true,"href":"https:\/\/projets.liure.fr\/pitchoune\/wp-json\/wp\/v2\/product_cat?post=100"},{"taxonomy":"product_tag","embeddable":true,"href":"https:\/\/projets.liure.fr\/pitchoune\/wp-json\/wp\/v2\/product_tag?post=100"}],"curies":[{"name":"wp","href":"https:\/\/api.w.org\/{rel}","templated":true}]}}