{"id":282,"date":"2022-05-16T11:09:43","date_gmt":"2022-05-16T09:09:43","guid":{"rendered":"https:\/\/projets.liure.fr\/pitchoune\/?page_id=282"},"modified":"2025-08-11T08:58:23","modified_gmt":"2025-08-11T06:58:23","slug":"lingettes-lavables-pour-bebe","status":"publish","type":"page","link":"https:\/\/projets.liure.fr\/pitchoune\/lingettes-lavables-pour-bebe\/","title":{"rendered":"Lingettes lavables pour b\u00e9b\u00e9 Pitchoun et Coton"},"content":{"rendered":"<?xml encoding=\"utf-8\" ?><div class=\"container\"><div class=\"row\"><div class=\"col-md-12\"><div class=\"intro_h2\">\n\t<h2><\/h2><p><span style=\"font-size: 14pt;\">Vous trouverez ici des <strong>lingettes lavables<\/strong> pour b&eacute;b&eacute; Pitchoun et Coton confectionn&eacute;es et faites main dans notre atelier au c&oelig;ur de l&rsquo;Auvergne. Elles sont &eacute;cologiques, pratiques et &eacute;conomiques. Elles sont 100% fran&ccedil;aises et con&ccedil;ues dans des mati&egrave;res respectant la peau de votre b&eacute;b&eacute; et l&rsquo;environnement.<\/span><\/p>\n\n<\/div><\/div><\/div><\/div><div class=\"container\"><div class=\"row\"><div class=\"col-md-12\">\n\n<\/div><\/div><\/div><div class=\"container\"><div class=\"row\"><div class=\"col-md-12\">\n<h2 class=\"wp-block-heading\">Les caract&eacute;ristiques des lingettes lavables Pitchoun et Coton<\/h2>\n<\/div><\/div><\/div><div class=\"container\"><div class=\"row\"><div class=\"col-md-12\">\n\n<\/div><\/div><\/div><div class=\"container\"><div class=\"row\"><div class=\"col-md-12\">\n<p>Les lingettes lavables Pitchoun et Coton sont d&rsquo;une douceur incomparables gr&acirc;ce &agrave; l&rsquo;&eacute;ponge de bambou. <\/p>\n<\/div><\/div><\/div><div class=\"container\"><div class=\"row\"><div class=\"col-md-12\">\n\n<\/div><\/div><\/div><div class=\"container\"><div class=\"row\"><div class=\"col-md-12\">\n<p>Les mati&egrave;res utilis&eacute;es pour leur conception sont respectueuses de la peau fragile des b&eacute;b&eacute;s et jeunes enfants. En effet, soucieux du bien &ecirc;tre de votre b&eacute;b&eacute; et pour respecter l&rsquo;environnement, Pitchoun et Coton utilise des tissus avec la certification oeko-tex.<\/p>\n<\/div><\/div><\/div><div class=\"container\"><div class=\"row\"><div class=\"col-md-12\">\n\n<\/div><\/div><\/div><div class=\"container\"><div class=\"row\"><div class=\"col-md-12\">\n<p>La fibre de bambou utilis&eacute;e pour les lingettes lavables Pitchoun et Coton est naturellement bact&eacute;rienne, tr&egrave;s absorbante et a une dur&eacute;e de vie tr&egrave;s longue.<\/p>\n<\/div><\/div><\/div><div class=\"container\"><div class=\"row\"><div class=\"col-md-12\">\n\n<\/div><\/div><\/div><div class=\"container\"><div class=\"row\"><div class=\"col-md-12\">\n<h2 class=\"wp-block-heading\">Pourquoi choisir nos lingettes lavables ?<\/h2>\n<\/div><\/div><\/div><div class=\"container\"><div class=\"row\"><div class=\"col-md-12\">\n\n<\/div><\/div><\/div><div class=\"container\"><div class=\"row\"><div class=\"col-md-12\">\n<p>Les lingettes lavables Pitchoun et Coton vous permettent de nettoyer la peau de votre b&eacute;b&eacute; avec :<\/p>\n<\/div><\/div><\/div><div class=\"container\"><div class=\"row\"><div class=\"col-md-12\">\n\n<\/div><\/div><\/div><div class=\"container\"><div class=\"row\"><div class=\"col-md-12\">\n<ul class=\"wp-block-list\"><li>l&rsquo;assurance d&rsquo;utiliser des lingettes sans parfum, ni composition irritante<\/li><li>l&rsquo;opportunit&eacute; de faire des &eacute;conomies<\/li><li>la sensation de prot&eacute;ger la plan&egrave;te et produire moins de d&eacute;chets<\/li><\/ul>\n<\/div><\/div><\/div><div class=\"container\"><div class=\"row\"><div class=\"col-md-12\">\n\n<\/div><\/div><\/div><div class=\"container\"><div class=\"row\"><div class=\"col-md-12\">\n<p><\/p>\n<\/div><\/div><\/div><div class=\"container\"><div class=\"row\"><div class=\"col-md-12\">\n\n<\/div><\/div><\/div><div data-block-name=\"woocommerce\/product-category\" data-categories=\"[34]\" data-content-visibility='{\"title\":true,\"price\":true,\"rating\":true,\"button\":true}' data-stock-status='[\"\",\"instock\",\"outofstock\",\"onbackorder\"]' class=\"container\"><div class=\"row\"><div class=\"col-md-12\"><div class=\"wc-block-grid wp-block-product-category wp-block-woocommerce-product-category wc-block-product-category has-3-columns has-multiple-rows\"><ul class=\"wc-block-grid__products\"><li class=\"wc-block-grid__product\">\n\t\t\t\t<a href=\"https:\/\/projets.liure.fr\/pitchoune\/produit\/lingettes-lavables-bebe\/\" class=\"wc-block-grid__product-link\">\n\t\t\t\t\t\n\t\t\t\t\t<div class=\"wc-block-grid__product-image\"><img decoding=\"async\" width=\"200\" height=\"200\" src=\"https:\/\/projets.liure.fr\/pitchoune\/wp-content\/uploads\/sites\/8\/2022\/05\/20220415_083002-200x200.jpg\" class=\"attachment-woocommerce_thumbnail size-woocommerce_thumbnail\" alt=\"lingettes lavables z&eacute;ro d&eacute;chet 63\" srcset=\"https:\/\/projets.liure.fr\/pitchoune\/wp-content\/uploads\/sites\/8\/2022\/05\/20220415_083002-200x200.jpg 200w, https:\/\/projets.liure.fr\/pitchoune\/wp-content\/uploads\/sites\/8\/2022\/05\/20220415_083002-150x150.jpg 150w, https:\/\/projets.liure.fr\/pitchoune\/wp-content\/uploads\/sites\/8\/2022\/05\/20220415_083002-100x100.jpg 100w\" sizes=\"auto, (max-width: 200px) 100vw, 200px\" loading=\"lazy\"><\/div>\n\t\t\t\t\t<div class=\"wc-block-grid__product-title\">Lingettes lavables pour b&eacute;b&eacute; &laquo;&nbsp;les animaux de la for&ecirc;t&nbsp;&raquo;<\/div>\n\t\t\t\t<\/a>\n\t\t\t\t<div class=\"wc-block-grid__product-price price\"><span class=\"woocommerce-Price-amount amount\">30,00&nbsp;<span class=\"woocommerce-Price-currencySymbol\">&euro;<\/span><\/span><\/div>\n\t\t\t\t\n\t\t\t\t<div class=\"wp-block-button wc-block-grid__product-add-to-cart\"><a href=\"https:\/\/projets.liure.fr\/pitchoune\/produit\/lingettes-lavables-bebe\/\" aria-label='Ajouter au panier&nbsp;: &ldquo;Lingettes lavables pour b&eacute;b&eacute; \"les animaux de la for&ecirc;t\"&rdquo;' data-quantity=\"1\" data-product_id=\"280\" data-product_sku=\"\" data-price=\"30\" rel=\"nofollow\" class=\"wp-block-button__link  add_to_cart_button ajax_add_to_cart\">Select options<\/a><\/div>\n\t\t\t<\/li><\/ul><\/div><\/div><\/div><\/div><div class=\"container\"><div class=\"row\"><div class=\"col-md-12\">\n\n<\/div><\/div><\/div><div class=\"container\"><div class=\"row\"><div class=\"col-md-12\">\n<p><\/p>\n<\/div><\/div><\/div><div class=\"container\"><div class=\"row\"><div class=\"col-md-12\">\n\n<\/div><\/div><\/div><div class=\"container\"><div class=\"row\"><div class=\"col-md-12\">\n<h2 class=\"wp-block-heading\">Comment entretenir nos lingettes lavables ?<\/h2>\n<\/div><\/div><\/div><div class=\"container\"><div class=\"row\"><div class=\"col-md-12\">\n\n<\/div><\/div><\/div><div class=\"container\"><div class=\"row\"><div class=\"col-md-12\">\n<p>Pitchoun et Coton sait que votre temps est pr&eacute;cieux et pour cela, votre sac de lavage vous est offert lors de votre commande d&rsquo;un coffret de lingettes lavables pour votre b&eacute;b&eacute;.<\/p>\n<\/div><\/div><\/div><div class=\"container\"><div class=\"row\"><div class=\"col-md-12\">\n\n<\/div><\/div><\/div><div class=\"container\"><div class=\"row\"><div class=\"col-md-12\">\n<p>Qui plus est, gr&acirc;ce au sac de lavage, vous ne perdrez plus de lingettes lavables. Il est ferm&eacute; par une ganse en coton et est personnalis&eacute; avec le pr&eacute;nom de votre enfant.<\/p>\n<\/div><\/div><\/div><div class=\"container\"><div class=\"row\"><div class=\"col-md-12\">\n\n<\/div><\/div><\/div><div class=\"container\"><div class=\"row\"><div class=\"col-md-12\">\n<p>Les lingettes lavables pour b&eacute;b&eacute; Pitchoun et Coton sont lavables en machine &agrave; 40&deg; avec une lessive hypoallerg&eacute;nique pour respecter la peau sensible de votre enfant. Pour choisir la lessive appropri&eacute;e pour la peau de votre b&eacute;b&eacute;, retrouvez des conseils <a href=\"https:\/\/www.parents.fr\/bien-s-equiper\/nos-conseils-pour-s-equiper\/bio-hypoallergenique-quelle-lessive-pour-bebe-334143\" target=\"_blank\" rel=\"noreferrer noopener\">ici<\/a><\/p>\n<\/div><\/div><\/div><div class=\"container\"><div class=\"row\"><div class=\"col-md-12\">\n\n<\/div><\/div><\/div><div class=\"container\"><div class=\"row\"><div class=\"col-md-12\">\n<p>Vous pouvez laisser vos lingettes lavables s&eacute;cher &agrave; l&rsquo;air libre ou les passer au s&egrave;che linge <\/p>\n<\/div><\/div><\/div><div class=\"container\"><div class=\"row\"><div class=\"col-md-12\">\n\n<\/div><\/div><\/div><div class=\"container\"><div class=\"row\"><div class=\"col-md-12\">\n<p>La fibre de bambou utilis&eacute;e conserve sa douceur et sa texture m&ecirc;me apr&egrave;s plusieurs lavages.<\/p>\n<\/div><\/div><\/div><div class=\"container\"><div class=\"row\"><div class=\"col-md-12\">\n\n<\/div><\/div><\/div><div class=\"container\"><div class=\"row\"><div class=\"col-md-12\">\n<p><\/p>\n<\/div><\/div><\/div><div class=\"container\"><div class=\"row\"><div class=\"col-md-12\">\n\n<\/div><\/div><\/div><div class=\"container\"><div class=\"row\"><div class=\"col-md-12\">\n<h2 class=\"wp-block-heading\">La personnalisation de notre coffret de lingettes lavables<\/h2>\n<\/div><\/div><\/div><div class=\"container\"><div class=\"row\"><div class=\"col-md-12\">\n\n<\/div><\/div><\/div><div class=\"container\"><div class=\"row\"><div class=\"col-md-12\">\n<p>Envie d&rsquo;offrir un cadeau de naissance et de cr&eacute;&eacute;r quelque chose d&rsquo;unique ? Nous vous offrons la personnalisation de votre coffret avec la broderie machine au pr&eacute;nom du futur b&eacute;b&eacute; <a href=\"https:\/\/projets.liure.fr\/pitchoune\/categorie-produit\/lingettes-lavables\/\">ici<\/a>.<\/p>\n<\/div><\/div><\/div><div class=\"container\"><div class=\"row\"><div class=\"col-md-12\">\n\n<\/div><\/div><\/div><div class=\"container\"><div class=\"row\"><div class=\"col-md-12\">\n<p><\/p>\n<\/div><\/div><\/div><div class=\"container\"><div class=\"row\"><div class=\"col-md-12\">\n\n<\/div><\/div><\/div><div class=\"container\"><div class=\"row\"><div class=\"col-md-12\">\n<p><\/p>\n<\/div><\/div><\/div><div class=\"container\"><div class=\"row\"><div class=\"col-md-12\">\n\n<\/div><\/div><\/div><div class=\"container\"><div class=\"row\"><div class=\"col-md-12\">\n<div class=\"wp-block-columns is-layout-flex wp-container-core-columns-is-layout-9d6595d7 wp-block-columns-is-layout-flex\">\n<div class=\"wp-block-column is-layout-flow wp-block-column-is-layout-flow\"><div class=\"container\"><div class=\"row\"><div class=\"col-md-12\">\n<figure class=\"wp-block-image size-large is-style-rounded\"><img decoding=\"async\" width=\"768\" height=\"1024\" src=\"https:\/\/projets.liure.fr\/pitchoune\/wp-content\/uploads\/sites\/8\/2022\/05\/20220415_083006-768x1024.jpg\" alt=\"lingettes lavables b&eacute;b&eacute; bambou sac de lavage\" class=\"wp-image-271\" loading=\"lazy\" srcset=\"https:\/\/projets.liure.fr\/pitchoune\/wp-content\/uploads\/sites\/8\/2022\/05\/20220415_083006-768x1023.jpg 768w, https:\/\/projets.liure.fr\/pitchoune\/wp-content\/uploads\/sites\/8\/2022\/05\/20220415_083006-225x300.jpg 225w, https:\/\/projets.liure.fr\/pitchoune\/wp-content\/uploads\/sites\/8\/2022\/05\/20220415_083006-350x466.jpg 350w, https:\/\/projets.liure.fr\/pitchoune\/wp-content\/uploads\/sites\/8\/2022\/05\/20220415_083006-800x1066.jpg 800w, https:\/\/projets.liure.fr\/pitchoune\/wp-content\/uploads\/sites\/8\/2022\/05\/20220415_083006-500x666.jpg 500w, https:\/\/projets.liure.fr\/pitchoune\/wp-content\/uploads\/sites\/8\/2022\/05\/20220415_083006.jpg 908w\" sizes=\"auto, (max-width: 768px) 100vw, 768px\" \/><\/figure>\n<\/div><\/div><\/div><\/div>\n\n\n\n<div class=\"wp-block-column is-layout-flow wp-block-column-is-layout-flow\"><div class=\"container\"><div class=\"row\"><div class=\"col-md-12\">\n<figure class=\"wp-block-image size-large is-style-rounded\"><img decoding=\"async\" width=\"768\" height=\"1024\" src=\"https:\/\/projets.liure.fr\/pitchoune\/wp-content\/uploads\/sites\/8\/2022\/05\/20220506_110509-768x1024.jpg\" alt=\"lingettes lavables z&eacute;ro d&eacute;chet 63\" class=\"wp-image-273\" loading=\"lazy\" srcset=\"https:\/\/projets.liure.fr\/pitchoune\/wp-content\/uploads\/sites\/8\/2022\/05\/20220506_110509-768x1023.jpg 768w, https:\/\/projets.liure.fr\/pitchoune\/wp-content\/uploads\/sites\/8\/2022\/05\/20220506_110509-225x300.jpg 225w, https:\/\/projets.liure.fr\/pitchoune\/wp-content\/uploads\/sites\/8\/2022\/05\/20220506_110509-350x466.jpg 350w, https:\/\/projets.liure.fr\/pitchoune\/wp-content\/uploads\/sites\/8\/2022\/05\/20220506_110509-800x1066.jpg 800w, https:\/\/projets.liure.fr\/pitchoune\/wp-content\/uploads\/sites\/8\/2022\/05\/20220506_110509-500x666.jpg 500w, https:\/\/projets.liure.fr\/pitchoune\/wp-content\/uploads\/sites\/8\/2022\/05\/20220506_110509.jpg 908w\" sizes=\"auto, (max-width: 768px) 100vw, 768px\" \/><\/figure>\n<\/div><\/div><\/div><\/div>\n\n\n\n<div class=\"wp-block-column is-layout-flow wp-block-column-is-layout-flow\"><div class=\"container\"><div class=\"row\"><div class=\"col-md-12\">\n<figure class=\"wp-block-image size-large is-style-rounded\"><img decoding=\"async\" width=\"768\" height=\"1024\" src=\"https:\/\/projets.liure.fr\/pitchoune\/wp-content\/uploads\/sites\/8\/2022\/05\/20220415_082953-768x1024.jpg\" alt=\"lingettes b&eacute;b&eacute; pitchounetcoton auvergne\" class=\"wp-image-269\" loading=\"lazy\" srcset=\"https:\/\/projets.liure.fr\/pitchoune\/wp-content\/uploads\/sites\/8\/2022\/05\/20220415_082953-768x1023.jpg 768w, https:\/\/projets.liure.fr\/pitchoune\/wp-content\/uploads\/sites\/8\/2022\/05\/20220415_082953-225x300.jpg 225w, https:\/\/projets.liure.fr\/pitchoune\/wp-content\/uploads\/sites\/8\/2022\/05\/20220415_082953-350x466.jpg 350w, https:\/\/projets.liure.fr\/pitchoune\/wp-content\/uploads\/sites\/8\/2022\/05\/20220415_082953-800x1066.jpg 800w, https:\/\/projets.liure.fr\/pitchoune\/wp-content\/uploads\/sites\/8\/2022\/05\/20220415_082953-500x666.jpg 500w, https:\/\/projets.liure.fr\/pitchoune\/wp-content\/uploads\/sites\/8\/2022\/05\/20220415_082953.jpg 908w\" sizes=\"auto, (max-width: 768px) 100vw, 768px\" \/><\/figure>\n<\/div><\/div><\/div><\/div>\n<\/div>\n<\/div><\/div><\/div><div class=\"container\"><div class=\"row\"><div class=\"col-md-12\">\n\n<\/div><\/div><\/div><div class=\"container\"><div class=\"row\"><div class=\"col-md-12\">\n<p><\/p>\n<\/div><\/div><\/div><div class=\"container\"><div class=\"row\"><div class=\"col-md-12\">\n\n<\/div><\/div><\/div><div class=\"container\"><div class=\"row\"><div class=\"col-md-12\">\n<h2 class=\"wp-block-heading\">D&eacute;lais de fabrication <\/h2>\n<\/div><\/div><\/div><div class=\"container\"><div class=\"row\"><div class=\"col-md-12\">\n\n<\/div><\/div><\/div><div class=\"container\"><div class=\"row\"><div class=\"col-md-12\">\n<p>L&rsquo;atelier pr&eacute;vois un d&eacute;lais compris entre 1 &agrave; 2 semaines pour concevoir votre coffret de 10 lingettes personnalis&eacute;es.<\/p>\n<\/div><\/div><\/div><div class=\"container\"><div class=\"row\"><div class=\"col-md-12\">\n\n<\/div><\/div><\/div><div class=\"container\"><div class=\"row\"><div class=\"col-md-12\">\n<p>Pensez-y et pensez &agrave; anticiper vos commandes.<\/p>\n<\/div><\/div><\/div>\n","protected":false},"excerpt":{"rendered":"<p>Les caract&eacute;ristiques des lingettes lavables Pitchoun et Coton Les lingettes lavables Pitchoun et Coton sont d&rsquo;une douceur incomparables gr&acirc;ce &agrave; l&rsquo;&eacute;ponge de bambou. Les mati&egrave;res utilis&eacute;es pour leur conception sont respectueuses de la peau fragile des b&eacute;b&eacute;s et jeunes enfants. En effet, soucieux du bien &ecirc;tre de votre b&eacute;b&eacute; et pour respecter l&rsquo;environnement, Pitchoun et [&hellip;]<\/p>\n","protected":false},"author":85,"featured_media":269,"parent":0,"menu_order":2,"comment_status":"closed","ping_status":"closed","template":"","meta":{"_acf_changed":false,"footnotes":""},"class_list":["post-282","page","type-page","status-publish","has-post-thumbnail","hentry"],"acf":[],"yoast_head":"<!-- This site is optimized with the Yoast SEO plugin v25.8 - https:\/\/yoast.com\/wordpress\/plugins\/seo\/ -->\n<title>Lingettes lavables pour b\u00e9b\u00e9 Pitchoun et Coton -<\/title>\n<meta name=\"description\" content=\"Les lingettes lavables pour b\u00e9b\u00e9 Pitchoun et Coton sont confectionn\u00e9es et fabriqu\u00e9es main dans notre atelier en Auvergne de fa\u00e7on artisanale\" \/>\n<meta name=\"robots\" content=\"noindex, follow, max-snippet:-1, max-image-preview:large, max-video-preview:-1\" \/>\n<meta property=\"og:locale\" content=\"fr_FR\" \/>\n<meta property=\"og:type\" content=\"article\" \/>\n<meta property=\"og:title\" content=\"Lingettes lavables pour b\u00e9b\u00e9 Pitchoun et Coton -\" \/>\n<meta property=\"og:description\" content=\"Les lingettes lavables pour b\u00e9b\u00e9 Pitchoun et Coton sont confectionn\u00e9es et fabriqu\u00e9es main dans notre atelier en Auvergne de fa\u00e7on artisanale\" \/>\n<meta property=\"og:url\" content=\"https:\/\/projets.liure.fr\/pitchoune\/lingettes-lavables-pour-bebe\/\" \/>\n<meta property=\"og:site_name\" content=\"pitchounetcoton\" \/>\n<meta property=\"article:modified_time\" content=\"2025-08-11T06:58:23+00:00\" \/>\n<meta property=\"og:image\" content=\"https:\/\/projets.liure.fr\/pitchoune\/wp-content\/uploads\/sites\/8\/2022\/05\/20220415_082953.jpg\" \/>\n\t<meta property=\"og:image:width\" content=\"908\" \/>\n\t<meta property=\"og:image:height\" content=\"1210\" \/>\n\t<meta property=\"og:image:type\" content=\"image\/jpeg\" \/>\n<meta name=\"twitter:card\" content=\"summary_large_image\" \/>\n<meta name=\"twitter:label1\" content=\"Dur\u00e9e de lecture estim\u00e9e\" \/>\n\t<meta name=\"twitter:data1\" content=\"3 minutes\" \/>\n<script type=\"application\/ld+json\" class=\"yoast-schema-graph\">{\"@context\":\"https:\/\/schema.org\",\"@graph\":[{\"@type\":\"WebPage\",\"@id\":\"https:\/\/projets.liure.fr\/pitchoune\/lingettes-lavables-pour-bebe\/\",\"url\":\"https:\/\/projets.liure.fr\/pitchoune\/lingettes-lavables-pour-bebe\/\",\"name\":\"Lingettes lavables pour b\u00e9b\u00e9 Pitchoun et Coton -\",\"isPartOf\":{\"@id\":\"https:\/\/projets.liure.fr\/pitchoune\/#website\"},\"primaryImageOfPage\":{\"@id\":\"https:\/\/projets.liure.fr\/pitchoune\/lingettes-lavables-pour-bebe\/#primaryimage\"},\"image\":{\"@id\":\"https:\/\/projets.liure.fr\/pitchoune\/lingettes-lavables-pour-bebe\/#primaryimage\"},\"thumbnailUrl\":\"https:\/\/projets.liure.fr\/pitchoune\/wp-content\/uploads\/sites\/8\/2022\/05\/20220415_082953.jpg\",\"datePublished\":\"2022-05-16T09:09:43+00:00\",\"dateModified\":\"2025-08-11T06:58:23+00:00\",\"description\":\"Les lingettes lavables pour b\u00e9b\u00e9 Pitchoun et Coton sont confectionn\u00e9es et fabriqu\u00e9es main dans notre atelier en Auvergne de fa\u00e7on artisanale\",\"breadcrumb\":{\"@id\":\"https:\/\/projets.liure.fr\/pitchoune\/lingettes-lavables-pour-bebe\/#breadcrumb\"},\"inLanguage\":\"fr-FR\",\"potentialAction\":[{\"@type\":\"ReadAction\",\"target\":[\"https:\/\/projets.liure.fr\/pitchoune\/lingettes-lavables-pour-bebe\/\"]}]},{\"@type\":\"ImageObject\",\"inLanguage\":\"fr-FR\",\"@id\":\"https:\/\/projets.liure.fr\/pitchoune\/lingettes-lavables-pour-bebe\/#primaryimage\",\"url\":\"https:\/\/projets.liure.fr\/pitchoune\/wp-content\/uploads\/sites\/8\/2022\/05\/20220415_082953.jpg\",\"contentUrl\":\"https:\/\/projets.liure.fr\/pitchoune\/wp-content\/uploads\/sites\/8\/2022\/05\/20220415_082953.jpg\",\"width\":908,\"height\":1210,\"caption\":\"lingettes b\u00e9b\u00e9 pitchounetcoton auvergne\"},{\"@type\":\"WebSite\",\"@id\":\"https:\/\/projets.liure.fr\/pitchoune\/#website\",\"url\":\"https:\/\/projets.liure.fr\/pitchoune\/\",\"name\":\"pitchounetcoton\",\"description\":\"Un site utilisant Les sites de R\u00e9seau site puy de d\u00f4me 2\",\"potentialAction\":[{\"@type\":\"SearchAction\",\"target\":{\"@type\":\"EntryPoint\",\"urlTemplate\":\"https:\/\/projets.liure.fr\/pitchoune\/?s={search_term_string}\"},\"query-input\":{\"@type\":\"PropertyValueSpecification\",\"valueRequired\":true,\"valueName\":\"search_term_string\"}}],\"inLanguage\":\"fr-FR\"}]}<\/script>\n<!-- \/ Yoast SEO plugin. -->","yoast_head_json":{"title":"Lingettes lavables pour b\u00e9b\u00e9 Pitchoun et Coton -","description":"Les lingettes lavables pour b\u00e9b\u00e9 Pitchoun et Coton sont confectionn\u00e9es et fabriqu\u00e9es main dans notre atelier en Auvergne de fa\u00e7on artisanale","robots":{"index":"noindex","follow":"follow","max-snippet":"max-snippet:-1","max-image-preview":"max-image-preview:large","max-video-preview":"max-video-preview:-1"},"og_locale":"fr_FR","og_type":"article","og_title":"Lingettes lavables pour b\u00e9b\u00e9 Pitchoun et Coton -","og_description":"Les lingettes lavables pour b\u00e9b\u00e9 Pitchoun et Coton sont confectionn\u00e9es et fabriqu\u00e9es main dans notre atelier en Auvergne de fa\u00e7on artisanale","og_url":"https:\/\/projets.liure.fr\/pitchoune\/lingettes-lavables-pour-bebe\/","og_site_name":"pitchounetcoton","article_modified_time":"2025-08-11T06:58:23+00:00","og_image":[{"width":908,"height":1210,"url":"https:\/\/projets.liure.fr\/pitchoune\/wp-content\/uploads\/sites\/8\/2022\/05\/20220415_082953.jpg","type":"image\/jpeg"}],"twitter_card":"summary_large_image","twitter_misc":{"Dur\u00e9e de lecture estim\u00e9e":"3 minutes"},"schema":{"@context":"https:\/\/schema.org","@graph":[{"@type":"WebPage","@id":"https:\/\/projets.liure.fr\/pitchoune\/lingettes-lavables-pour-bebe\/","url":"https:\/\/projets.liure.fr\/pitchoune\/lingettes-lavables-pour-bebe\/","name":"Lingettes lavables pour b\u00e9b\u00e9 Pitchoun et Coton -","isPartOf":{"@id":"https:\/\/projets.liure.fr\/pitchoune\/#website"},"primaryImageOfPage":{"@id":"https:\/\/projets.liure.fr\/pitchoune\/lingettes-lavables-pour-bebe\/#primaryimage"},"image":{"@id":"https:\/\/projets.liure.fr\/pitchoune\/lingettes-lavables-pour-bebe\/#primaryimage"},"thumbnailUrl":"https:\/\/projets.liure.fr\/pitchoune\/wp-content\/uploads\/sites\/8\/2022\/05\/20220415_082953.jpg","datePublished":"2022-05-16T09:09:43+00:00","dateModified":"2025-08-11T06:58:23+00:00","description":"Les lingettes lavables pour b\u00e9b\u00e9 Pitchoun et Coton sont confectionn\u00e9es et fabriqu\u00e9es main dans notre atelier en Auvergne de fa\u00e7on artisanale","breadcrumb":{"@id":"https:\/\/projets.liure.fr\/pitchoune\/lingettes-lavables-pour-bebe\/#breadcrumb"},"inLanguage":"fr-FR","potentialAction":[{"@type":"ReadAction","target":["https:\/\/projets.liure.fr\/pitchoune\/lingettes-lavables-pour-bebe\/"]}]},{"@type":"ImageObject","inLanguage":"fr-FR","@id":"https:\/\/projets.liure.fr\/pitchoune\/lingettes-lavables-pour-bebe\/#primaryimage","url":"https:\/\/projets.liure.fr\/pitchoune\/wp-content\/uploads\/sites\/8\/2022\/05\/20220415_082953.jpg","contentUrl":"https:\/\/projets.liure.fr\/pitchoune\/wp-content\/uploads\/sites\/8\/2022\/05\/20220415_082953.jpg","width":908,"height":1210,"caption":"lingettes b\u00e9b\u00e9 pitchounetcoton auvergne"},{"@type":"WebSite","@id":"https:\/\/projets.liure.fr\/pitchoune\/#website","url":"https:\/\/projets.liure.fr\/pitchoune\/","name":"pitchounetcoton","description":"Un site utilisant Les sites de R\u00e9seau site puy de d\u00f4me 2","potentialAction":[{"@type":"SearchAction","target":{"@type":"EntryPoint","urlTemplate":"https:\/\/projets.liure.fr\/pitchoune\/?s={search_term_string}"},"query-input":{"@type":"PropertyValueSpecification","valueRequired":true,"valueName":"search_term_string"}}],"inLanguage":"fr-FR"}]}},"_links":{"self":[{"href":"https:\/\/projets.liure.fr\/pitchoune\/wp-json\/wp\/v2\/pages\/282","targetHints":{"allow":["GET"]}}],"collection":[{"href":"https:\/\/projets.liure.fr\/pitchoune\/wp-json\/wp\/v2\/pages"}],"about":[{"href":"https:\/\/projets.liure.fr\/pitchoune\/wp-json\/wp\/v2\/types\/page"}],"author":[{"embeddable":true,"href":"https:\/\/projets.liure.fr\/pitchoune\/wp-json\/wp\/v2\/users\/85"}],"replies":[{"embeddable":true,"href":"https:\/\/projets.liure.fr\/pitchoune\/wp-json\/wp\/v2\/comments?post=282"}],"version-history":[{"count":15,"href":"https:\/\/projets.liure.fr\/pitchoune\/wp-json\/wp\/v2\/pages\/282\/revisions"}],"predecessor-version":[{"id":392,"href":"https:\/\/projets.liure.fr\/pitchoune\/wp-json\/wp\/v2\/pages\/282\/revisions\/392"}],"wp:featuredmedia":[{"embeddable":true,"href":"https:\/\/projets.liure.fr\/pitchoune\/wp-json\/wp\/v2\/media\/269"}],"wp:attachment":[{"href":"https:\/\/projets.liure.fr\/pitchoune\/wp-json\/wp\/v2\/media?parent=282"}],"curies":[{"name":"wp","href":"https:\/\/api.w.org\/{rel}","templated":true}]}}