{"id":220,"date":"2022-05-02T17:05:15","date_gmt":"2022-05-02T15:05:15","guid":{"rendered":"https:\/\/projets.liure.fr\/pitchoune\/?page_id=220"},"modified":"2025-08-11T08:58:27","modified_gmt":"2025-08-11T06:58:27","slug":"couverture-bebe-pitchoun-coton","status":"publish","type":"page","link":"https:\/\/projets.liure.fr\/pitchoune\/couverture-bebe-pitchoun-coton\/","title":{"rendered":"La couverture pour b\u00e9b\u00e9 Pitchoun et Coton"},"content":{"rendered":"<?xml encoding=\"utf-8\" ?><div class=\"container\"><div class=\"row\"><div class=\"col-md-12\"><div class=\"intro_h2\">\n\t<h2><\/h2><p><span style=\"font-size: 14pt;\">La couverture pour b&eacute;b&eacute; Pitchoun et Coton est con&ccedil;ue de mani&egrave;re artisanale dans notre atelier entre Clermont-Ferrand et Vichy.<\/span><\/p>\n<p><span style=\"font-size: 14pt;\">Elle est faite main en petite s&eacute;rie et peut &ecirc;tre personnalis&eacute;e avec une broderie machine au pr&eacute;nom de votre b&eacute;b&eacute;.<\/span><\/p>\n<p>&nbsp;<\/p>\n\n<\/div><\/div><\/div><\/div><div class=\"container\"><div class=\"row\"><div class=\"col-md-12\">\n\n<\/div><\/div><\/div><div class=\"container\"><div class=\"row\"><div class=\"col-md-12\">\n<h2 class=\"wp-block-heading\">Commandez votre couverture pour b&eacute;b&eacute; Pitchounetcoton<\/h2>\n<\/div><\/div><\/div><div class=\"container\"><div class=\"row\"><div class=\"col-md-12\">\n\n<\/div><\/div><\/div><div data-block-name=\"woocommerce\/product-category\" data-categories=\"[18]\" class=\"container\"><div class=\"row\"><div class=\"col-md-12\"><div class=\"wc-block-grid wp-block-product-category wp-block-woocommerce-product-category wc-block-product-category has-3-columns has-multiple-rows\"><ul class=\"wc-block-grid__products\"><li class=\"wc-block-grid__product\">\n\t\t\t\t<a href=\"https:\/\/projets.liure.fr\/pitchoune\/produit\/couverture-bebe-etoiles-scintillantes\/\" class=\"wc-block-grid__product-link\">\n\t\t\t\t\t\n\t\t\t\t\t<div class=\"wc-block-grid__product-image\"><img decoding=\"async\" width=\"200\" height=\"200\" src=\"https:\/\/projets.liure.fr\/pitchoune\/wp-content\/uploads\/sites\/8\/2022\/04\/DSC04450-200x200.jpg\" class=\"attachment-woocommerce_thumbnail size-woocommerce_thumbnail\" alt=\"&eacute;toile couverture b&eacute;b&eacute; fait main clermont ferrand\" srcset=\"https:\/\/projets.liure.fr\/pitchoune\/wp-content\/uploads\/sites\/8\/2022\/04\/DSC04450-200x200.jpg 200w, https:\/\/projets.liure.fr\/pitchoune\/wp-content\/uploads\/sites\/8\/2022\/04\/DSC04450-150x150.jpg 150w, https:\/\/projets.liure.fr\/pitchoune\/wp-content\/uploads\/sites\/8\/2022\/04\/DSC04450-100x100.jpg 100w\" sizes=\"auto, (max-width: 200px) 100vw, 200px\" loading=\"lazy\"><\/div>\n\t\t\t\t\t<div class=\"wc-block-grid__product-title\">Couverture b&eacute;b&eacute; &eacute;toiles<\/div>\n\t\t\t\t<\/a>\n\t\t\t\t<div class=\"wc-block-grid__product-price price\"><span class=\"woocommerce-Price-amount amount\">60,00&nbsp;<span class=\"woocommerce-Price-currencySymbol\">&euro;<\/span><\/span><\/div>\n\t\t\t\t\n\t\t\t\t<div class=\"wp-block-button wc-block-grid__product-add-to-cart\"><a href=\"https:\/\/projets.liure.fr\/pitchoune\/produit\/couverture-bebe-etoiles-scintillantes\/\" aria-label=\"Ajouter au panier&nbsp;: &ldquo;Couverture b&eacute;b&eacute; &eacute;toiles&rdquo;\" data-quantity=\"1\" data-product_id=\"109\" data-product_sku=\"\" data-price=\"60\" rel=\"nofollow\" class=\"wp-block-button__link  add_to_cart_button ajax_add_to_cart\">Select options<\/a><\/div>\n\t\t\t<\/li><li class=\"wc-block-grid__product\">\n\t\t\t\t<a href=\"https:\/\/projets.liure.fr\/pitchoune\/produit\/couverture-bebe-shabby\/\" class=\"wc-block-grid__product-link\">\n\t\t\t\t\t\n\t\t\t\t\t<div class=\"wc-block-grid__product-image\"><img decoding=\"async\" width=\"200\" height=\"200\" src=\"https:\/\/projets.liure.fr\/pitchoune\/wp-content\/uploads\/sites\/8\/2022\/04\/DSC04456-200x200.jpg\" class=\"attachment-woocommerce_thumbnail size-woocommerce_thumbnail\" alt=\"couverture b&eacute;b&eacute; double gaze cr&eacute;atrice fran&ccedil;aise\" srcset=\"https:\/\/projets.liure.fr\/pitchoune\/wp-content\/uploads\/sites\/8\/2022\/04\/DSC04456-200x200.jpg 200w, https:\/\/projets.liure.fr\/pitchoune\/wp-content\/uploads\/sites\/8\/2022\/04\/DSC04456-150x150.jpg 150w, https:\/\/projets.liure.fr\/pitchoune\/wp-content\/uploads\/sites\/8\/2022\/04\/DSC04456-100x100.jpg 100w\" sizes=\"auto, (max-width: 200px) 100vw, 200px\" loading=\"lazy\"><\/div>\n\t\t\t\t\t<div class=\"wc-block-grid__product-title\">Couverture b&eacute;b&eacute; Shabby<\/div>\n\t\t\t\t<\/a>\n\t\t\t\t<div class=\"wc-block-grid__product-price price\"><span class=\"woocommerce-Price-amount amount\">60,00&nbsp;<span class=\"woocommerce-Price-currencySymbol\">&euro;<\/span><\/span><\/div>\n\t\t\t\t\n\t\t\t\t<div class=\"wp-block-button wc-block-grid__product-add-to-cart\"><a href=\"https:\/\/projets.liure.fr\/pitchoune\/produit\/couverture-bebe-shabby\/\" aria-label=\"Ajouter au panier&nbsp;: &ldquo;Couverture b&eacute;b&eacute; Shabby&rdquo;\" data-quantity=\"1\" data-product_id=\"108\" data-product_sku=\"\" data-price=\"60\" rel=\"nofollow\" class=\"wp-block-button__link  add_to_cart_button ajax_add_to_cart\">Select options<\/a><\/div>\n\t\t\t<\/li><li class=\"wc-block-grid__product\">\n\t\t\t\t<a href=\"https:\/\/projets.liure.fr\/pitchoune\/produit\/couverture-bebe-arc-en-ciel\/\" class=\"wc-block-grid__product-link\">\n\t\t\t\t\t\n\t\t\t\t\t<div class=\"wc-block-grid__product-image\"><img decoding=\"async\" width=\"200\" height=\"200\" src=\"https:\/\/projets.liure.fr\/pitchoune\/wp-content\/uploads\/sites\/8\/2022\/04\/arc-en-ciel6-1-200x200.jpg\" class=\"attachment-woocommerce_thumbnail size-woocommerce_thumbnail\" alt=\"couverture arc en ciel b&eacute;b&eacute; cr&eacute;ation fran&ccedil;aise vichy\" srcset=\"https:\/\/projets.liure.fr\/pitchoune\/wp-content\/uploads\/sites\/8\/2022\/04\/arc-en-ciel6-1-200x200.jpg 200w, https:\/\/projets.liure.fr\/pitchoune\/wp-content\/uploads\/sites\/8\/2022\/04\/arc-en-ciel6-1-150x150.jpg 150w, https:\/\/projets.liure.fr\/pitchoune\/wp-content\/uploads\/sites\/8\/2022\/04\/arc-en-ciel6-1-100x100.jpg 100w\" sizes=\"auto, (max-width: 200px) 100vw, 200px\" loading=\"lazy\"><\/div>\n\t\t\t\t\t<div class=\"wc-block-grid__product-title\">Couverture b&eacute;b&eacute; arc en ciel<\/div>\n\t\t\t\t<\/a>\n\t\t\t\t<div class=\"wc-block-grid__product-price price\"><span class=\"woocommerce-Price-amount amount\">60,00&nbsp;<span class=\"woocommerce-Price-currencySymbol\">&euro;<\/span><\/span><\/div>\n\t\t\t\t\n\t\t\t\t<div class=\"wp-block-button wc-block-grid__product-add-to-cart\"><a href=\"https:\/\/projets.liure.fr\/pitchoune\/produit\/couverture-bebe-arc-en-ciel\/\" aria-label=\"Ajouter au panier&nbsp;: &ldquo;Couverture b&eacute;b&eacute; arc en ciel&rdquo;\" data-quantity=\"1\" data-product_id=\"101\" data-product_sku=\"\" data-price=\"60\" rel=\"nofollow\" class=\"wp-block-button__link  add_to_cart_button ajax_add_to_cart\">Select options<\/a><\/div>\n\t\t\t<\/li><\/ul><\/div><\/div><\/div><\/div><div class=\"container\"><div class=\"row\"><div class=\"col-md-12\">\n\n<\/div><\/div><\/div><div class=\"container\"><div class=\"row\"><div class=\"col-md-12\">\n<h2 class=\"wp-block-heading\">La couverture Pitchoun et Coton : son usage<\/h2>\n<\/div><\/div><\/div><div class=\"container\"><div class=\"row\"><div class=\"col-md-12\">\n\n<\/div><\/div><\/div><div class=\"container\"><div class=\"row\"><div class=\"col-md-12\">\n<p>La couverture Pitchoun et Coton est con&ccedil;ue pour apporter douceur, confort et chaleur &agrave; votre b&eacute;b&eacute;. La couverture est conseill&eacute;e pour un usage &agrave; partir de 18\/24 mois, lorsque votre enfant commence &agrave; se d&eacute;placer. A partir de cet &acirc;ge, vous pourrez remiser la gigoteuse et utiliser la couverture Pitchoun et Coton pour ses moments de  repos dans son lit.<\/p>\n<\/div><\/div><\/div><div class=\"container\"><div class=\"row\"><div class=\"col-md-12\">\n\n<\/div><\/div><\/div><div class=\"container\"><div class=\"row\"><div class=\"col-md-12\">\n<p>Gr&acirc;ce &agrave; la couverture Pitchoun et Coton, votre enfant sera au chaud et sera libre de ses mouvements.<\/p>\n<\/div><\/div><\/div><div class=\"container\"><div class=\"row\"><div class=\"col-md-12\">\n\n<\/div><\/div><\/div><div class=\"container\"><div class=\"row\"><div class=\"col-md-12\">\n<p>Elle peut &eacute;galement vous accompagner lors de vos balades et vos sorties.<\/p>\n<\/div><\/div><\/div><div class=\"container\"><div class=\"row\"><div class=\"col-md-12\">\n\n<\/div><\/div><\/div><div class=\"container\"><div class=\"row\"><div class=\"col-md-12\">\n<p><\/p>\n<\/div><\/div><\/div><div class=\"container\"><div class=\"row\"><div class=\"col-md-12\">\n\n<\/div><\/div><\/div><div class=\"container\"><div class=\"row\"><div class=\"col-md-12\">\n<h2 class=\"wp-block-heading\">Personnalisez votre couverture pour b&eacute;b&eacute;<\/h2>\n<\/div><\/div><\/div><div class=\"container\"><div class=\"row\"><div class=\"col-md-12\">\n\n<\/div><\/div><\/div><div class=\"container\"><div class=\"row\"><div class=\"col-md-12\">\n<p>Envie de cr&eacute;er et personnaliser votre couverture Pitchoun et Coton ?<\/p>\n<\/div><\/div><\/div><div class=\"container\"><div class=\"row\"><div class=\"col-md-12\">\n\n<\/div><\/div><\/div><div class=\"container\"><div class=\"row\"><div class=\"col-md-12\">\n<p>Optez pour la broderie machine au pr&eacute;nom de votre b&eacute;b&eacute;. Vous aurez ainsi une cr&eacute;ation unique. Lors de votre commande, vous avez la possibilit&eacute; d&rsquo;indiquer le pr&eacute;nom. La couleur du fil pour le pr&eacute;nom sera choisie en harmonie avec les tissus de la couverture.<\/p>\n<\/div><\/div><\/div><div class=\"container\"><div class=\"row\"><div class=\"col-md-12\">\n\n<\/div><\/div><\/div><div class=\"container\"><div class=\"row\"><div class=\"col-md-12\">\n<p><\/p>\n<\/div><\/div><\/div><div class=\"container\"><div class=\"row\"><div class=\"col-md-12\">\n\n<\/div><\/div><\/div><div class=\"container\"><div class=\"row\"><div class=\"col-md-12\">\n<h2 class=\"wp-block-heading\">Les mati&egrave;res utilis&eacute;es<\/h2>\n<\/div><\/div><\/div><div class=\"container\"><div class=\"row\"><div class=\"col-md-12\">\n\n<\/div><\/div><\/div><div class=\"container\"><div class=\"row\"><div class=\"col-md-12\">\n<p>La couverture Pitchoun et Coton est con&ccedil;ue dans des mat&eacute;riaux uniquement portant la mention oeko tex pour respecter la peau de votre b&eacute;b&eacute;.<\/p>\n<\/div><\/div><\/div><div class=\"container\"><div class=\"row\"><div class=\"col-md-12\">\n\n<\/div><\/div><\/div><div class=\"container\"><div class=\"row\"><div class=\"col-md-12\">\n<p>Vous trouverez des mat&eacute;riaux tels que :<\/p>\n<\/div><\/div><\/div><div class=\"container\"><div class=\"row\"><div class=\"col-md-12\">\n\n<\/div><\/div><\/div><div class=\"container\"><div class=\"row\"><div class=\"col-md-12\">\n<ul class=\"wp-block-list\"><li>le minky : une mati&egrave;re toute douce et chaude. Il est fabriqu&eacute; avec des fibres ou microfibres polyester. Ne surtout pas repasser le minky au risque de perdre son relief.<\/li><li>la double gaze de coton : une mati&egrave;re douce et l&eacute;g&egrave;re que l&rsquo;atelier affectionne particuli&egrave;rement. C&rsquo;est une mati&egrave;re respirante, qui ne se repasse pas.<\/li><li>le coton imprim&eacute; : tissu en coton avec de jolis motifs choisis pour Pitchoun et Coton<\/li><li>le rembourrage int&eacute;rieur : ouate oeko tex classe 1 avec une densit&eacute; de 100g\/m&sup2; en 90% poly&eacute;thyl&egrave;ne et 10% polyester<\/li><\/ul>\n<\/div><\/div><\/div><div class=\"container\"><div class=\"row\"><div class=\"col-md-12\">\n\n<\/div><\/div><\/div><div class=\"container\"><div class=\"row\"><div class=\"col-md-12\">\n<p><\/p>\n<\/div><\/div><\/div><div class=\"container\"><div class=\"row\"><div class=\"col-md-12\">\n\n<\/div><\/div><\/div><div class=\"container\"><div class=\"row\"><div class=\"col-md-12\">\n<h2 class=\"wp-block-heading\">Comment entretenir votre couverture pour b&eacute;b&eacute;<\/h2>\n<\/div><\/div><\/div><div class=\"container\"><div class=\"row\"><div class=\"col-md-12\">\n\n<\/div><\/div><\/div><div class=\"container\"><div class=\"row\"><div class=\"col-md-12\">\n<p>La couverture Pitchoun et Coton se lave en d&eacute;licat &agrave; 30&deg; avec une lessive hypoallerg&eacute;nique. Pour garder le gonflant de votre couverture, Pitchoun et Coton vous conseille de ne surtout pas la repasser, et de la laisser s&eacute;cher &agrave; l&rsquo;air libre &agrave; plat.<\/p>\n<\/div><\/div><\/div>\n","protected":false},"excerpt":{"rendered":"<p>Commandez votre couverture pour b&eacute;b&eacute; Pitchounetcoton La couverture Pitchoun et Coton : son usage La couverture Pitchoun et Coton est con&ccedil;ue pour apporter douceur, confort et chaleur &agrave; votre b&eacute;b&eacute;. La couverture est conseill&eacute;e pour un usage &agrave; partir de 18\/24 mois, lorsque votre enfant commence &agrave; se d&eacute;placer. A partir de cet &acirc;ge, vous [&hellip;]<\/p>\n","protected":false},"author":85,"featured_media":33,"parent":0,"menu_order":8,"comment_status":"closed","ping_status":"closed","template":"","meta":{"_acf_changed":false,"footnotes":""},"class_list":["post-220","page","type-page","status-publish","has-post-thumbnail","hentry"],"acf":[],"yoast_head":"<!-- This site is optimized with the Yoast SEO plugin v25.8 - https:\/\/yoast.com\/wordpress\/plugins\/seo\/ -->\n<title>La couverture pour b\u00e9b\u00e9 Pitchoun et Coton - pitchounetcoton<\/title>\n<meta name=\"description\" content=\"La couverture pour b\u00e9b\u00e9 Pitchoun et Coton est faite main dans notre atelier au coeur de l&#039;Auvergne. Elle maintiendra au chaud votre b\u00e9b\u00e9.\" \/>\n<meta name=\"robots\" content=\"noindex, follow, max-snippet:-1, max-image-preview:large, max-video-preview:-1\" \/>\n<meta property=\"og:locale\" content=\"fr_FR\" \/>\n<meta property=\"og:type\" content=\"article\" \/>\n<meta property=\"og:title\" content=\"La couverture pour b\u00e9b\u00e9 Pitchoun et Coton - pitchounetcoton\" \/>\n<meta property=\"og:description\" content=\"La couverture pour b\u00e9b\u00e9 Pitchoun et Coton est faite main dans notre atelier au coeur de l&#039;Auvergne. Elle maintiendra au chaud votre b\u00e9b\u00e9.\" \/>\n<meta property=\"og:url\" content=\"https:\/\/projets.liure.fr\/pitchoune\/couverture-bebe-pitchoun-coton\/\" \/>\n<meta property=\"og:site_name\" content=\"pitchounetcoton\" \/>\n<meta property=\"article:modified_time\" content=\"2025-08-11T06:58:27+00:00\" \/>\n<meta property=\"og:image\" content=\"https:\/\/projets.liure.fr\/pitchoune\/wp-content\/uploads\/sites\/8\/2022\/04\/DSC04382.jpg\" \/>\n\t<meta property=\"og:image:width\" content=\"1200\" \/>\n\t<meta property=\"og:image:height\" content=\"800\" \/>\n\t<meta property=\"og:image:type\" content=\"image\/jpeg\" \/>\n<meta name=\"twitter:card\" content=\"summary_large_image\" \/>\n<meta name=\"twitter:label1\" content=\"Dur\u00e9e de lecture estim\u00e9e\" \/>\n\t<meta name=\"twitter:data1\" content=\"2 minutes\" \/>\n<script type=\"application\/ld+json\" class=\"yoast-schema-graph\">{\"@context\":\"https:\/\/schema.org\",\"@graph\":[{\"@type\":\"WebPage\",\"@id\":\"https:\/\/projets.liure.fr\/pitchoune\/couverture-bebe-pitchoun-coton\/\",\"url\":\"https:\/\/projets.liure.fr\/pitchoune\/couverture-bebe-pitchoun-coton\/\",\"name\":\"La couverture pour b\u00e9b\u00e9 Pitchoun et Coton - pitchounetcoton\",\"isPartOf\":{\"@id\":\"https:\/\/projets.liure.fr\/pitchoune\/#website\"},\"primaryImageOfPage\":{\"@id\":\"https:\/\/projets.liure.fr\/pitchoune\/couverture-bebe-pitchoun-coton\/#primaryimage\"},\"image\":{\"@id\":\"https:\/\/projets.liure.fr\/pitchoune\/couverture-bebe-pitchoun-coton\/#primaryimage\"},\"thumbnailUrl\":\"https:\/\/projets.liure.fr\/pitchoune\/wp-content\/uploads\/sites\/8\/2022\/04\/DSC04382.jpg\",\"datePublished\":\"2022-05-02T15:05:15+00:00\",\"dateModified\":\"2025-08-11T06:58:27+00:00\",\"description\":\"La couverture pour b\u00e9b\u00e9 Pitchoun et Coton est faite main dans notre atelier au coeur de l'Auvergne. Elle maintiendra au chaud votre b\u00e9b\u00e9.\",\"breadcrumb\":{\"@id\":\"https:\/\/projets.liure.fr\/pitchoune\/couverture-bebe-pitchoun-coton\/#breadcrumb\"},\"inLanguage\":\"fr-FR\",\"potentialAction\":[{\"@type\":\"ReadAction\",\"target\":[\"https:\/\/projets.liure.fr\/pitchoune\/couverture-bebe-pitchoun-coton\/\"]}]},{\"@type\":\"ImageObject\",\"inLanguage\":\"fr-FR\",\"@id\":\"https:\/\/projets.liure.fr\/pitchoune\/couverture-bebe-pitchoun-coton\/#primaryimage\",\"url\":\"https:\/\/projets.liure.fr\/pitchoune\/wp-content\/uploads\/sites\/8\/2022\/04\/DSC04382.jpg\",\"contentUrl\":\"https:\/\/projets.liure.fr\/pitchoune\/wp-content\/uploads\/sites\/8\/2022\/04\/DSC04382.jpg\",\"width\":1200,\"height\":800,\"caption\":\"couverture r\u00eaves enfants b\u00e9b\u00e9s auvergne\"},{\"@type\":\"WebSite\",\"@id\":\"https:\/\/projets.liure.fr\/pitchoune\/#website\",\"url\":\"https:\/\/projets.liure.fr\/pitchoune\/\",\"name\":\"pitchounetcoton\",\"description\":\"Un site utilisant Les sites de R\u00e9seau site puy de d\u00f4me 2\",\"potentialAction\":[{\"@type\":\"SearchAction\",\"target\":{\"@type\":\"EntryPoint\",\"urlTemplate\":\"https:\/\/projets.liure.fr\/pitchoune\/?s={search_term_string}\"},\"query-input\":{\"@type\":\"PropertyValueSpecification\",\"valueRequired\":true,\"valueName\":\"search_term_string\"}}],\"inLanguage\":\"fr-FR\"}]}<\/script>\n<!-- \/ Yoast SEO plugin. -->","yoast_head_json":{"title":"La couverture pour b\u00e9b\u00e9 Pitchoun et Coton - pitchounetcoton","description":"La couverture pour b\u00e9b\u00e9 Pitchoun et Coton est faite main dans notre atelier au coeur de l'Auvergne. Elle maintiendra au chaud votre b\u00e9b\u00e9.","robots":{"index":"noindex","follow":"follow","max-snippet":"max-snippet:-1","max-image-preview":"max-image-preview:large","max-video-preview":"max-video-preview:-1"},"og_locale":"fr_FR","og_type":"article","og_title":"La couverture pour b\u00e9b\u00e9 Pitchoun et Coton - pitchounetcoton","og_description":"La couverture pour b\u00e9b\u00e9 Pitchoun et Coton est faite main dans notre atelier au coeur de l'Auvergne. Elle maintiendra au chaud votre b\u00e9b\u00e9.","og_url":"https:\/\/projets.liure.fr\/pitchoune\/couverture-bebe-pitchoun-coton\/","og_site_name":"pitchounetcoton","article_modified_time":"2025-08-11T06:58:27+00:00","og_image":[{"width":1200,"height":800,"url":"https:\/\/projets.liure.fr\/pitchoune\/wp-content\/uploads\/sites\/8\/2022\/04\/DSC04382.jpg","type":"image\/jpeg"}],"twitter_card":"summary_large_image","twitter_misc":{"Dur\u00e9e de lecture estim\u00e9e":"2 minutes"},"schema":{"@context":"https:\/\/schema.org","@graph":[{"@type":"WebPage","@id":"https:\/\/projets.liure.fr\/pitchoune\/couverture-bebe-pitchoun-coton\/","url":"https:\/\/projets.liure.fr\/pitchoune\/couverture-bebe-pitchoun-coton\/","name":"La couverture pour b\u00e9b\u00e9 Pitchoun et Coton - pitchounetcoton","isPartOf":{"@id":"https:\/\/projets.liure.fr\/pitchoune\/#website"},"primaryImageOfPage":{"@id":"https:\/\/projets.liure.fr\/pitchoune\/couverture-bebe-pitchoun-coton\/#primaryimage"},"image":{"@id":"https:\/\/projets.liure.fr\/pitchoune\/couverture-bebe-pitchoun-coton\/#primaryimage"},"thumbnailUrl":"https:\/\/projets.liure.fr\/pitchoune\/wp-content\/uploads\/sites\/8\/2022\/04\/DSC04382.jpg","datePublished":"2022-05-02T15:05:15+00:00","dateModified":"2025-08-11T06:58:27+00:00","description":"La couverture pour b\u00e9b\u00e9 Pitchoun et Coton est faite main dans notre atelier au coeur de l'Auvergne. Elle maintiendra au chaud votre b\u00e9b\u00e9.","breadcrumb":{"@id":"https:\/\/projets.liure.fr\/pitchoune\/couverture-bebe-pitchoun-coton\/#breadcrumb"},"inLanguage":"fr-FR","potentialAction":[{"@type":"ReadAction","target":["https:\/\/projets.liure.fr\/pitchoune\/couverture-bebe-pitchoun-coton\/"]}]},{"@type":"ImageObject","inLanguage":"fr-FR","@id":"https:\/\/projets.liure.fr\/pitchoune\/couverture-bebe-pitchoun-coton\/#primaryimage","url":"https:\/\/projets.liure.fr\/pitchoune\/wp-content\/uploads\/sites\/8\/2022\/04\/DSC04382.jpg","contentUrl":"https:\/\/projets.liure.fr\/pitchoune\/wp-content\/uploads\/sites\/8\/2022\/04\/DSC04382.jpg","width":1200,"height":800,"caption":"couverture r\u00eaves enfants b\u00e9b\u00e9s auvergne"},{"@type":"WebSite","@id":"https:\/\/projets.liure.fr\/pitchoune\/#website","url":"https:\/\/projets.liure.fr\/pitchoune\/","name":"pitchounetcoton","description":"Un site utilisant Les sites de R\u00e9seau site puy de d\u00f4me 2","potentialAction":[{"@type":"SearchAction","target":{"@type":"EntryPoint","urlTemplate":"https:\/\/projets.liure.fr\/pitchoune\/?s={search_term_string}"},"query-input":{"@type":"PropertyValueSpecification","valueRequired":true,"valueName":"search_term_string"}}],"inLanguage":"fr-FR"}]}},"_links":{"self":[{"href":"https:\/\/projets.liure.fr\/pitchoune\/wp-json\/wp\/v2\/pages\/220","targetHints":{"allow":["GET"]}}],"collection":[{"href":"https:\/\/projets.liure.fr\/pitchoune\/wp-json\/wp\/v2\/pages"}],"about":[{"href":"https:\/\/projets.liure.fr\/pitchoune\/wp-json\/wp\/v2\/types\/page"}],"author":[{"embeddable":true,"href":"https:\/\/projets.liure.fr\/pitchoune\/wp-json\/wp\/v2\/users\/85"}],"replies":[{"embeddable":true,"href":"https:\/\/projets.liure.fr\/pitchoune\/wp-json\/wp\/v2\/comments?post=220"}],"version-history":[{"count":9,"href":"https:\/\/projets.liure.fr\/pitchoune\/wp-json\/wp\/v2\/pages\/220\/revisions"}],"predecessor-version":[{"id":532,"href":"https:\/\/projets.liure.fr\/pitchoune\/wp-json\/wp\/v2\/pages\/220\/revisions\/532"}],"wp:featuredmedia":[{"embeddable":true,"href":"https:\/\/projets.liure.fr\/pitchoune\/wp-json\/wp\/v2\/media\/33"}],"wp:attachment":[{"href":"https:\/\/projets.liure.fr\/pitchoune\/wp-json\/wp\/v2\/media?parent=220"}],"curies":[{"name":"wp","href":"https:\/\/api.w.org\/{rel}","templated":true}]}}